- 5*q + 2. Calculate v(-6).
32
Let f(y) = 10*y - 1. Determine f(1).
9
Let k(a) = a**2 + 4*a - 9. What is k(3)?
12
Let d(y) = 2*y + 24. Give d(-15).
-6
Let p(r) = 3*r**2 - 52*r + 21. Calculate p(17).
4
Let y(t) = -t**3 + 9*t**2 + 2*t - 21. Calculate y(9).
-3
Let s(f) = f**3 - 19*f**2 + 2*f + 3. Give s(19).
41
Let m(h) = 72*h**2 - h. Determine m(1).
71
Let g(s) = s**2 + 62*s + 172. Give g(-59).
-5
Let u(h) = h + 34. What is u(-34)?
0
Let p(d) = 2*d**2 - 43*d - 20. Calculate p(22).
2
Let b(t) = -t**3 + 4*t**2 + 3*t + 7. Determine b(5).
-3
Let t(q) = q**3 - 2*q**2 - 12*q - 3. Determine t(6).
69
Let o(n) = 7*n + 10. Calculate o(-3).
-11
Let t(p) = 2*p**2 + 2*p + 2. What is t(-4)?
26
Let p(j) = -2*j**3 - 54*j**2 + 57*j + 13. What is p(-28)?
-15
Let u(k) = -k**2 - 21*k + 35. What is u(-23)?
-11
Let p(o) = -3*o**2 - 3*o + 12. Determine p(-4).
-24
Let d(l) = 3*l + 6. What is d(6)?
24
Let f(r) = -8*r**2 + 47*r + 15. What is f(7)?
-48
Let w(g) = -2*g**2 + 4*g + 16. Determine w(-4).
-32
Let h(s) = 2*s**3 + 3*s**2 - 2*s - 10. Calculate h(-4).
-82
Let n(s) = s**3 - 2*s**2 - 5*s - 3. What is n(4)?
9
Let d(x) = x**2 + 21*x - 28. Give d(-22).
-6
Let w(y) = -y**3 - 3*y**2 + 1. Determine w(-1).
-1
Let v(y) = -y**3 - 3*y**2 - 2. What is v(-2)?
-6
Let q(s) = 34*s**3 - 3*s + 2. Give q(1).
33
Let b(q) = 2*q - 11. Determine b(9).
7
Let d(u) = 325*u + 1949. Calculate d(-6).
-1
Let q(a) = -9*a - 106. What is q(-11)?
-7
Let a(t) = t**3 - 15*t**2 + 26*t + 15. What is a(13)?
15
Let a(y) = -y**2 + 2*y + 9. Calculate a(5).
-6
Let l(o) = -2*o**3 - 6*o**2 + 2*o + 6. Calculate l(-3).
0
Let g(n) = -2*n**2 + 39*n - 51. Calculate g(18).
3
Let q(p) = -13*p**2 + 2*p + 3. Calculate q(-2).
-53
Let h(a) = 7*a - 6. What is h(2)?
8
Let c(t) = t**2 - 18*t + 96. What is c(8)?
16
Let s(c) = 3*c**3 - c**2 + 2*c + 3. Give s(-2).
-29
Let y(i) = -14*i**3 + i**2 + i. Give y(-1).
14
Let p(i) = -4*i**2 - 7*i + 10. Determine p(-3).
-5
Let w(u) = -u - 21. Determine w(-15).
-6
Let q(u) = -u**3 + u**2 + 6*u + 2. Determine q(0).
2
Let j(v) = 21*v + 151. Calculate j(-7).
4
Let g(b) = -10*b - 12. Determine g(-4).
28
Let u(g) = 4*g + 21. Determine u(-3).
9
Let o(c) = 86*c - 16. Determine o(-2).
-188
Let z(r) = r**2 + 5*r - 23. What is z(-7)?
-9
Let q(p) = 2*p**2 + 2*p - 16. Give q(4).
24
Let b(p) = -52*p + 12. Determine b(-1).
64
Let v(a) = 2*a + 9. Determine v(-7).
-5
Let d(v) = 29*v - 288. What is d(10)?
2
Let q(c) = -18*c + 30. Calculate q(0).
30
Let a(s) = -4*s + 1. Calculate a(-2).
9
Let j(x) = -x**2 - 5*x - 3. Determine j(-3).
3
Let s(b) = -3*b - 61. Calculate s(-22).
5
Let j(d) = d**2 + 27*d + 176. Give j(-12).
-4
Let d(t) = -24*t - 77. Calculate d(-7).
91
Let i(x) = x**3 + 5*x**2 + 3. Determine i(-5).
3
Let c(l) = -6*l - 1. Determine c(1).
-7
Let z(n) = -n**3 + 25*n**2 - 40*n - 113. What is z(23)?
25
Let i(n) = n**3 + 7*n**2 - 7. Calculate i(-7).
-7
Let z(o) = -30*o - 13. Determine z(0).
-13
Let d(u) = u**3 - 12*u**2 + 10*u + 7. What is d(11)?
-4
Let p(g) = g**2 + 23*g + 48. Determine p(-20).
-12
Let h(j) = j**3 - 8*j**2 + 9*j - 8. Calculate h(6).
-26
Let h(c) = -c**3 - 4*c**2 + 2*c - 17. What is h(-5)?
-2
Let o(d) = d**3 + 6*d**2 + 3*d + 14. Determine o(-6).
-4
Let h(g) = -5*g + 2. Determine h(3).
-13
Let f(i) = -134*i + 1069. Determine f(8).
-3
Let j(h) = h**3 - 20*h**2 - 69*h - 12. Determine j(23).
-12
Let a(j) = -j**2 + 8*j + 2. Calculate a(10).
-18
Let w(k) = 26*k + 4. Determine w(-1).
-22
Let u(t) = t - 4. Calculate u(-6).
-10
Let w(j) = 577*j + 1734. Calculate w(-3).
3
Let y(u) = 5*u**2 - 3*u - 4. Give y(-1).
4
Let q(b) = -b**3 - 5*b**2 + 11*b + 2. Calculate q(-4).
-58
Let i(k) = -3*k - 21. Determine i(-7).
0
Let l(w) = w**2 + 2*w + 1. Determine l(-5).
16
Let j(g) = -2*g**3 - g**2 + g + 54. Determine j(0).
54
Let r(a) = -2*a - 19. Determine r(-16).
13
Let h(b) = -3*b**2 + 300*b + 601. Give h(-2).
-11
Let o(t) = 2*t**3 - 15*t**2 - 32*t + 26. Determine o(9).
-19
Let p(c) = -c - 2. Calculate p(-7).
5
Let p(q) = 2*q - 37. What is p(23)?
9
Let k(i) = -i + 44. Give k(41).
3
Let v(y) = 2*y**2 - 5*y - 5. Give v(-1).
2
Let c(q) = -8*q - 76. Give c(-6).
-28
Let t(h) = -2*h - 8. Give t(-11).
14
Let t(h) = -17*h**2 - 21*h - 2. Calculate t(-1).
2
Let u(s) = s**2 - 11*s + 5. Give u(10).
-5
Let r(n) = 9*n - 11. Give r(6).
43
Let a(p) = -p**3 - 7*p**2 - 4*p + 14. Give a(-6).
2
Let u(d) = d**2 - 93*d - 1. Calculate u(0).
-1
Let c(j) = 3*j**2 - 18*j - 24. Give c(7).
-3
Let w(m) = 6*m - 1. Calculate w(3).
17
Let s(y) = -25*y + 80. Give s(3).
5
Let v(y) = -y - 11. Calculate v(-8).
-3
Let b(w) = w**2 + 8*w - 12. Determine b(-9).
-3
Let n(u) = -2*u**2 - 13*u - 15. Determine n(-4).
5
Let h(d) = -d**3 - d**2 - d - 7. Determine h(-3).
14
Let l(h) = 2*h**2 + h. Determine l(-2).
6
Let v(s) = s - 6. Give v(8).
2
Let j(d) = -2*d - 26. Determine j(-10).
-6
Let n(y) = 18*y - 167. Calculate n(10).
13
Let r(d) = -18*d - 52. What is r(-3)?
2
Let i(k) = -3*k**3 + 4*k**2 - 6*k + 1. What is i(1)?
-4
Let q(t) = -119*t - 1539. Give q(-13).
8
Let o(i) = 13*i + 26. Calculate o(-2).
0
Let t(j) = j**3 - 10*j**2 - 41*j + 22. What is t(13)?
-4
Let n(o) = 4*o**2 - 102*o - 56. Give n(26).
-4
Let a(i) = -i**3 - 9*i**2 - 9*i + 6. Calculate a(-8).
14
Let l(j) = j**2 + 2*j + 41. Give l(0).
41
Let h(u) = 23*u + 5. What is h(-4)?
-87
Let d(v) = -v**2 - 2*v - 6. Give d(-5).
-21
Let p(f) = -3*f**2 + 13*f + 13. Calculate p(6).
-17
Let m(g) = 9*g + 5. Give m(-3).
-22
Let p(x) = 3*x**2 + 3. Give p(4).
51
Let y(n) = -2*n + 10. Calculate y(9).
-8
Let c(u) = 2*u**2 - 5*u - 22. What is c(5)?
3
Let u(d) = 73*d**2 + d. Determine u(-1).
72
Let c(o) = -o**2 - 10*o + 2. What is c(-8)?
18
Let f(c) = -c**3 - 4*c**2 + 3*c + 9. Give f(-4).
-3
Let w(p) = p + 59. What is w(-43)?
16
Let q(m) = -m**3 + 11*m**2 - 2*m + 16. Determine q(11).
-6
Let d(g) = g**3 - 31. What is d(0)?
-31
Let x(g) = -g + 3. Calculate x(8).
-5
Let m(s) = 8*s + 27. Give m(-4).
-5
Let y(g) = g - 30. What is y(15)?
-15
Let s(m) = m**3 + 9*m**2 + 9*m + 7. Give s(-8).
-1
Let l(z) = z**2 - 2*z + 6. What is l(-5)?
41
Let k(u) = u**3 + u**2 + u + 8. Calculate k(0).
8
Let c(d) = d**3 - 11*d**2 + 25*d - 10. Calculate c(8).
-2
Let q(m) = -m**3 - 10*m**2 - 18*m + 9. What is q(-7)?
-12
Let w(i) = -i**2 + 11*i + 62. What is w(15)?
2
Let j(t) = 7*t + 1. Determine j(-4).
-27
Let g(o) = -3*o**2 - 2*o - 12. Determine g(5).
-97
Let p(x) = 2*x**2 + 7*x - 21. Give p(-5).
-6
Let s(v) = -5*v**3 - 3*v**2 + v + 1. What is s(3)?
-158
Let j(z) = -2*z**2 - 22*z + 22. Determine j(-12).
-2
Let z(g) = -g**2 - 10*g + 9. What is z(-7)?
30
Let a(f) = -2*f**2 - 7*f - 9. What is a(-3)?
-6
Let z(l) = l**2 + 12*l - 95. Calculate z(-18).
13
Let l(r) = r**3 - 8*r**2 + 16. Determine l(7).
-33
Let w(c) = -c**3 + 3*c**2 + 2*c + 3. Calculate w(3).
9
Let a(v) = -5*v - 54. Calculate a(-13).
11
Let l(b) = -b**2 + 31*b - 33. Determine l(30).
-3
Let p(w) = -24*w**3 + w**2 + w + 1. What is p(-1)?
25
Let l(f) = 6*f - 45. Calculate l(7).
-3
Let h(t) = -5*t + 14. What is h(7)?
-21
Let d(s) = -16*s**2 + 3*s - 1. Calculate d(-2).
-71
Let p(a) = a**3 + 5*a**2 - 3*a - 7. Give p(-5).
8
Let x(k) = -2*k**2 - 3*k + 19. Calculate x(-8).
-85
Let c(m) = -5*m - 293. Calculate c(-58).
-3
Let g(r) = -4*r**2 - r - 2. Give g(-2).
-16
Let u(o) = 2*o**3 - 2*o**2 - 2*o + 2. Determine u(2).
6
Let c(j) = j + 75. What is c(-13)?
62
Let z(q) = -q**3 - 13*q**2 + 17*q + 35. Calculate z(-14).
-7
Let b(t) = -6*t - 3. Determine b(-6).
33
Let m(f) = 2*f**3 + 78*f**2 + 2*f + 90. What is m(-39)?
12
Let s(p) = p**3 - 6*p**2 - 19*p - 12. Give s(9).
60
Let m(s) = 3*s**3 - 2*s**2 - 2*s - 1. Give m(-2).
-29
Let r(j) = -j**3 - 5*j**2 + 10*j + 8. Determine r(-6).
-16
Let w(x) = -x**2 + 9*x + 16. Determine w(9).
16
Let c(f) = -f**3 + 3*f**2 - 2*f + 4. Calculate c(4).
-20
Let u(r) = 3*r**2 - 36*r + 5. What is u(12)?
5
Let i(x) = -12*x + 415. What is i(33)?
19
Let v(j) = -j + 4. Determine v(-2).
6
Let p(y) = -y + 11. Calculate p(-5).
16
Let w(j) = 3*j - 20. Determine w(6).
-2
Let p(a) = a**3 + 6*a**2 + 4. Determine p(-6).
4
Let f(q) = -23*q**2 + 2*q - 1. What is f(1)?
-22
Let v(q) = -q**2 - q + 1. Calculate v(-3).
-5
Let g(f) = f**3 + 35*f**2 + 96*f + 8. Give g(-32).
8
Let x(o) = -2*o + 7. What is x(-5)?
17
Let h(w) = w**3 - 8*w**2 - 8*w - 6. Give h(9).
3
Let c(f) = f**2 - 14